site?
False
Let i = 495 - 735. Let s = i + 577. Is s a prime number?
True
Let u(l) = -l**3 + l**2 - l + 917. Is u(0) composite?
True
Let s(w) = 907*w**2 + w + 1. Let m be 2/6 + (-4)/3. Let q be s(m). Suppose -q = 5*t - 2582. Is t composite?
True
Let m(j) = 35*j**2 + 4*j + 2. Let b be m(8). Let p = b + -1535. Is p prime?
True
Let j(h) = -7*h**2 + 2*h. Let c be j(7). Let l = -605 - -2493. Let b = c + l. Is b a composite number?
False
Let p be -2386 + -3 + (-2 - -2). Let t = p - -4240. Let c = t - 962. Is c prime?
False
Let w(m) = -1757*m + 81. Is w(-8) a composite number?
True
Suppose -2*y = f - 17130, y + 4*f - 5600 = 2951. Is y a prime number?
False
Suppose 4*y - 2*y - 3*y = 0. Suppose 0*b - 648 = -3*q + 3*b, y = -b - 5. Is q a prime number?
True
Suppose 3048 = f + 11*f. Is f a prime number?
False
Let l(o) = -o**2 + 6*o - 4. Let f(z) = 2*z**3 - 3*z**2. Let r be f(2). Let g be l(r). Suppose -g*w + 5*w = 109. Is w composite?
False
Is 5/((-1)/(-1)) + 34496/16 a prime number?
True
Is 17230 + -1 + 8 + -6 a prime number?
True
Suppose 0 = 20*u - 49*u + 74211. Is u composite?
True
Let j be (24/(-9) + 2)*15. Let r = j - -21. Let m(d) = 14*d - 5. Is m(r) a prime number?
True
Suppose -w + 3*r - 284 = 4*r, -2*r = -2*w - 584. Let l = w + 595. Is l a composite number?
False
Let d(g) = -49*g - 1. Let a be d(15). Let s = a + 1367. Is s a composite number?
False
Let w(l) = -l**3 - 21*l**2 - 6. Let r be w(-21). Let s(c) = 113*c - 2. Let v(u) = 114*u - 1. Let o(d) = r*s(d) + 5*v(d). Is o(-7) prime?
False
Is -5 - 7/112*12*-21176 composite?
False
Suppose -9*b + 3208 = -41225. Is b prime?
True
Let w(a) = -29 + 43*a + 0 + 17*a. Is w(22) prime?
True
Let j = -2029 + 422. Let v = -730 - j. Is v a composite number?
False
Suppose 614 = 7*x - 6*x. Is x/8 + 3/12 a composite number?
True
Suppose 3*k - 19 = -5*i, i + 2*i + 5*k = 5. Suppose i*s = -5*j + j + 7, -5*j - s + 14 = 0. Is -6*(596/j)/(-4) composite?
True
Let h be 1/3 + 752/12. Suppose 43 = -2*g - h. Let r = -22 - g. Is r composite?
False
Is (4198/(-4))/(3*(-6)/36) a composite number?
False
Suppose 10*b - 16*b + 43 = -l, -2*b = -2*l - 136. Let c be (-2)/(-7) + (-592)/14. Let g = c - l. Is g a prime number?
True
Suppose -3*o + 62 = -19. Let u be o/3*(-10)/(-15). Suppose -1636 = u*c - 10*c. Is c prime?
True
Let a be 3*(-3 + 4/1). Suppose -a*d - 4 = -4*m + 7, -m + 3*d - 4 = 0. Suppose 2*k - 81 = -m*y - 2*k, k = y - 9. Is y a prime number?
True
Let k(o) = o**3 + 8*o**2 + 8*o + 8. Let m be k(-7). Suppose m = i - 4. Suppose 0*v - i*v + 222 = 4*a, -a - v = -55. Is a composite?
False
Let a = -7 - -7. Suppose a = -n - i - 1, -n + 4*n + 2*i = 0. Suppose -296 = n*m - 6*m. Is m prime?
False
Suppose 3*z - 4*t - 1178 = 0, 2*z + t - 804 = -t. Suppose k - 5*i - z = 0, 0 = -3*k + k + 5*i + 811. Is k prime?
False
Let t = -682 - -5009. Is t composite?
False
Suppose 0 = -4*v + 1284 + 1856. Suppose 3*w - 101 = -l + 62, 0 = -5*l - 5*w + v. Suppose 3*q - l = q. Is q prime?
False
Let p be (-9 - -1)*(-6 - (-44)/8). Is p/(-24) + (-11294)/(-12) a prime number?
True
Let y = -34 - -39. Suppose 4*q = -2*o + 3*o - 115, -3*q = -y*o + 558. Is o composite?
True
Suppose 22*p - 1760 - 10538 = 0. Is p a prime number?
False
Is (671 - -6) + -1 + 1 composite?
False
Let g(q) be the first derivative of q**4/4 - 10*q**3/3 - 13*q**2/2 - 15*q + 6. Is g(13) composite?
True
Let m be 2/4*-2*0. Let g = 3 + m. Suppose 0 = g*v - 109 - 662. Is v a prime number?
True
Is 18423/4 + 3 - 2/(-8) composite?
True
Let j(g) = 11*g - 4. Let h be j(2). Let u = h - 19. Is 1253/7 + (-1 - u) a prime number?
True
Is 11/(110/1130)*(1 + 88) a composite number?
True
Suppose 3*m - 1175 = 1066. Let b = 1264 - m. Is b prime?
False
Let v(m) = 801*m - 15 + 1205*m - 712*m. Is v(5) prime?
False
Suppose 2*j + 3*z = 1694, -3*j = -0*j + 3*z - 2547. Is j composite?
False
Suppose -4*n - 3*a + 19493 = 0, 13*n - 24349 = 8*n + 2*a. Is n a composite number?
False
Suppose 45 - 1 = -2*l. Let b(i) = i**2 + 9*i + 55. Is b(l) a prime number?
False
Suppose -5*s + 320 = -s. Let r = s + 171. Is r composite?
False
Let f = 483 + -217. Let l = f - 179. Is l a prime number?
False
Let a be 0 + -23 + ((-32)/(-4) - 5). Let m(b) = -5*b + 43. Is m(a) a prime number?
False
Let i = -120 + 122. Suppose 2*h = 4*s - 14, 5*s + 0*h + 4*h = -i. Is s prime?
True
Let m(d) = 7*d**2 - 5*d - 4. Let b(x) = 2*x + 34. Let t be b(-18). Is m(t) a composite number?
True
Suppose -20 + 497 = -3*d. Let b = d - -228. Is b prime?
False
Suppose f - 4*f + 55 = -5*n, 44 = -4*n + 3*f. Let d(b) = 6*b**2 + 17*b + 18. Is d(n) a prime number?
True
Suppose x = 5*x - 3188. Let w = x - 8. Is w composite?
True
Let x be (-1414)/112 + (-6)/16. Is x*-2*148/8 prime?
False
Let d(j) = 5*j**3 + 17*j**2 - 12*j - 3. Let k(v) = -6*v**3 - 17*v**2 + 13*v + 4. Let w(c) = 5*d(c) + 4*k(c). Is w(-11) composite?
True
Suppose 0 = 33*g - 18*g - 126285. Is g a composite number?
False
Let s = -472 + 74. Let t = -150 - s. Let o = t - 25. Is o a prime number?
True
Let c(n) = 101*n**3 + 6*n**2 - 20*n - 2. Is c(7) a prime number?
False
Let g = -2077 + 2940. Is g composite?
False
Is 269045/65 - ((-41)/(-13) + -3) composite?
False
Suppose 2*h = 3*v + 4, 0 = -2*v + 2*h - 2 - 2. Suppose v*j - j + 155 = -f, -4*j + 3*f = -623. Is j a composite number?
True
Suppose h + 5*o = -0*o - 1176, 5907 = -5*h + 2*o. Let f = 1888 + h. Is f composite?
True
Let g = -7263 + 16681. Let p = g + -5759. Is p a prime number?
True
Let l be (-3)/(-2)*(-12)/9. Let n be 3/l*(-326 - 0). Suppose 0 = i + 2*i - n. Is i prime?
True
Let s = 2982 - 1325. Is s a prime number?
True
Suppose 0 = 7*t - 101781 - 958. Is t a prime number?
False
Suppose -5*d + 1511 - 211 = 0. Is ((-1)/(-2))/(2/d) composite?
True
Let y(a) = 9*a**3 + 41*a**2 - 38*a - 24. Let k(h) = 5*h**3 + 21*h**2 - 19*h - 12. Let i(m) = 11*k(m) - 6*y(m). Is i(17) composite?
True
Let m = -12 + 16. Suppose -2*y = -m*a - 632, -y = y - 2*a - 632. Suppose 4*x = -0*x + y. Is x a prime number?
True
Suppose -5*u = 4*h - 82499, 5*h = 3*u + 3*h - 49517. Is u prime?
False
Let v(d) = 226*d - 31. Let g(p) = 9*p. Let n be g(1). Is v(n) a composite number?
False
Let a be 9/(-27) + (-434)/(-6). Is 65/(-2)*a/(-90) prime?
False
Suppose b - 771 = 302. Is b a prime number?
False
Suppose 917 = -5*g + 8817. Suppose -2*s = 3*c - 1199, g = 4*c - 0*c - 2*s. Is c a prime number?
True
Suppose 6*g - g - 3*d = -25, -d - 20 = 4*g. Let p be 2/g + 36/15. Suppose 0 = p*x - 18 + 4. Is x a composite number?
False
Let m be 447*(-2 + (-14)/(-6)). Suppose 4*h + 574 + 1340 = 3*y, -4*h = y - 638. Suppose y = w + m. Is w a prime number?
False
Suppose -4*x + x = 0. Suppose -h + 312 + 95 = x. Is h a prime number?
False
Suppose 323 + 7 = 5*c. Suppose -735 = -3*w - c. Is w composite?
False
Let k(c) = -c**2 - 4*c - 1. Let d be k(-2). Let w be 2/d + 4/3. Is (-1 - w)/(2/(-26)) a prime number?
False
Let s(p) = 152*p**3 + p**2 - 2*p - 1. Let z be s(2). Let h = 1769 - z. Is h a prime number?
False
Suppose 13249 = s + 2*k, 10*s - 11*s = -5*k - 13221. Is s prime?
True
Suppose 5*y + 5 = 6*y. Is 588 + (-4 + y)*-2 a composite number?
True
Suppose 0 = 7*f - 5*f + 28. Let r be 2/f + 27/(-7). Is r/(-14) + (-18925)/(-35) prime?
True
Suppose -13 = -4*a + 3. Suppose -a*m + 3720 = -4676. Is m composite?
False
Let w = 242 - 158. Let s = -232 - w. Let i = -221 - s. Is i a composite number?
True
Is 1/((-45136)/(-15044) - 3) prime?
True
Let b = 29 + -19. Suppose -b*j = -2*j - 736. Suppose q - 745 = -j. Is q composite?
False
Suppose -650 = -2*b - 172. Let z = b - 366. Is (z/2)/((-1)/2) a prime number?
True
Suppose 26 = 3*x - 4*h, 0*x + 22 = 5*x + 4*h. Is ((-2)/x)/((-2)/1338) a prime number?
True
Suppose 6*s - 5*s - 3 = 0. Suppose s*i = 5484 - 1737. Is i composite?
False
Let z be -1*8*-59*1. Suppose -1804 = -2*d - z. Is d/8 - 11/44 a prime number?
True
Suppose 3*x + 35 = 44. Is (x + -2 + 928)*(18 - 17) a prime number?
True
Suppose -4*h = -5*a + 34952 + 44835, 0 = 3*a - 5*h - 47867. Is a a prime number?
True
Let b be (0 + (-5)/(20/86))*-4. Suppose -p + b = -547. Is p a prime number?
False
Let f(x) be the second derivative of 11*x**4/3 + x**3/3 - x**2/2 + x. Suppose 0 = -64*s + 43 + 85. Is f(s) a prime number?
True
Suppose 11 = 5*o - 3*h, 2*o + 2*o + h = 19. Suppose -5*w = -5*z + 4155, 2*w - 4*z = o*w + 1668. Let v = -541